 by l.
5
Let x(w) = -w**2 + 10*w - 2 + 2 + 2 + 7. Suppose 2*i = -0*i + 14. What is the remainder when x(8) is divided by i?
4
Let h(z) = z + 2. Let u be h(0). Let s be 25/5 - u*-1. Let q(f) = -f**3 + 7*f**2 + 7*f - 10. Calculate the remainder when q(s) is divided by 14.
11
Let u(i) be the third derivative of i**6/60 + i**5/20 + i**3/2 + i**2. Let k be u(-3). Calculate the remainder when 15 is divided by 5/2*k/(-10).
3
Suppose 0 = 3*m + 3*s - 0*s + 45, -4*m - 3*s = 58. Let d = 28 + m. Suppose -2*q + 3*q - 43 = 0. Calculate the remainder when q is divided by d.
13
Let s(j) = 3*j**2 - 10*j + 22. Suppose 2*i + 5*x = 19, i + 2*x - 7 = 5. Suppose 2*h + 0*h = i. What is the remainder when s(4) is divided by h?
8
What is the remainder when (-1541)/(-9) + 18/(-81) is divided by 43?
42
Let f(o) = o**3 - 3*o**2 + o + 4. Let v be f(4). Let k = -5 + v. Calculate the remainder when k is divided by (10/(-8))/((-2)/16).
9
Let w = -39 - -90. Calculate the remainder when w is divided by 13.
12
Suppose 3*q = -0*q + 54. Calculate the remainder when (-214)/(-4) + 1/(-2) is divided by q.
17
Let z(y) = -4*y + 1. Let n(j) be the second derivative of 5*j**3/6 - j**2 - 5*j. What is the remainder when n(4) is divided by z(-1)?
3
Let n be 3*(0/1 - 1). Let z be n/(-12) - 89/4. Let u = 18 - z. Calculate the remainder when u is divided by 14.
12
Suppose -7*m + 52 = -3*m. What is the remainder when 37 is divided by m?
11
Let h be 62/(-3) - (-18)/27. Let c = h + 30. Suppose -6*v + 2*v = -112. Calculate the remainder when v is divided by c.
8
Suppose 12 = 4*m + h - 9, h - 26 = -5*m. Suppose 2*d + m = 3*d. Calculate the remainder when d is divided by 3.
2
Let x = 0 + 15. What is the remainder when x is divided by 9?
6
Let h(n) = 19*n**3 + n**2 - n + 1. Let k be h(1). Suppose -3*t = -1 - k. Let l(x) = 2*x - 5. What is the remainder when t is divided by l(4)?
1
Let u(g) be the third derivative of g**6/120 - g**5/60 + 25*g**3/6 + g**2. Calculate the remainder when u(0) is divided by 7.
4
Suppose -3*w + 8*w - 385 = 0. Let o = -100 - -143. Let n = o - 23. Calculate the remainder when w is divided by n.
17
Suppose i + 37 = -i - 5*q, 5*q = -25. Calculate the remainder when 57 is divided by (20/i)/((-20)/120).
17
Suppose 0 = -0*t - 4*t. Suppose 3*h + 12 = t, 4*a + h = -a - 4. Let x = 13 - a. Calculate the remainder when 38 is divided by x.
12
Let j = -6 + 20. Suppose 4*p - 13 = -u, -p + j + 5 = 2*u. What is the remainder when 17 is divided by u?
8
Suppose 0 = -t - q - q + 3, 0 = 3*t - 3*q - 9. Suppose 0 = -t*z + 9, 3*z + 40 = 4*a + 7*z. Calculate the remainder when a is divided by 5.
2
Let q = 17 + 3. Let g = 70 + -32. What is the remainder when g is divided by q?
18
Calculate the remainder when 11 is divided by (-4)/(-18) + 2013/297.
4
Suppose 13 = 5*s - 117. What is the remainder when s is divided by 9?
8
Let a be (1/(-2))/(11/682). Let x = 20 - a. What is the remainder when x is divided by 13?
12
Let d(g) = -22*g - 3. Let s be d(4). Let n = -21 - s. Calculate the remainder when n is divided by 24.
22
Let h = -49 + 55. Suppose -14 = -2*j - 4*y, -2*j + 24 = -3*y + 2*y. Calculate the remainder when j is divided by h.
5
Let q(j) = 20*j + 6. Let p(c) = -c**3 - 7*c**2 - 8*c + 1. Let i be p(-6). Let b = 22 - i. Calculate the remainder when q(1) is divided by b.
8
Suppose w - 4 = -0*w. Suppose w = -5*f + 29. Calculate the remainder when ((-26)/8)/(1/(-4)) is divided by f.
3
Let l(o) be the first derivative of o**3/3 - 3*o**2/2 + 2*o - 2. What is the remainder when 39 is divided by l(6)?
19
Suppose 24*v = 21*v + 12. What is the remainder when 10 is divided by v?
2
Let y(u) = u**3 - 2*u**2 + 2*u. Let f be y(2). Suppose 45 + 44 = 3*q + d, -f*q - 5*d + 115 = 0. Calculate the remainder when q is divided by 8.
6
Let r = 49 - 41. What is the remainder when 31 is divided by r?
7
Suppose -3*u + 3*l + 20 = 4*l, -5*u - 5*l + 20 = 0. What is the remainder when 37 is divided by u?
5
Let m(h) = -3*h**3 - 3*h**2 + h + 4. What is the remainder when m(-3) is divided by 0*(-2)/4 + 19?
17
Let d(b) = -b**2 + 6*b + 5. Let r be d(7). Let w be r/3*-6 + 2. Suppose -3*m + 39 = -0*c + c, 2*c + w = m. What is the remainder when 34 is divided by m?
10
Calculate the remainder when 27 is divided by (-2 - -3)/((-4)/(-64)).
11
Let f = 70 + 131. Let b = f - 100. What is the remainder when b is divided by 26?
23
Let w(k) = k**3 + 6*k**2 - 5. Suppose -3*o = -5*o - 8. Let i be w(o). Suppose -117 = -5*m - i. What is the remainder when m is divided by 10?
8
Suppose 0 = -4*h + 18 - 2. Calculate the remainder when h is divided by 4.
0
Calculate the remainder when 103 is divided by 26/143 + 788/22.
31
Let z(d) = 3*d**2 - 4 + 14*d**2 - d + 5. What is the remainder when z(1) is divided by 9?
8
Let o(d) = 7 - d**3 - 5 - 9*d + 8*d**2 + 2. Let q = 62 + -54. What is the remainder when o(6) is divided by q?
6
Let m(r) = -r**3 - 3*r**2 + 7*r - 1. Let k = -23 - -18. Calculate the remainder when 25 is divided by m(k).
11
Suppose 6*j + 100 = 8*j. Calculate the remainder when j is divided by 17.
16
Let c be (1 + 10)*(2 + -3). Let t be 3/(10/c - -1). What is the remainder when (1 - (0 - -2)) + t is divided by 11?
10
Let y = 44 - -46. Calculate the remainder when y is divided by 23.
21
Suppose 2*s + 4*z = 86, 0*s - 5*z = 3*s - 124. What is the remainder when s is divided by 5?
3
Let x(m) = m**3 + 7*m**2 - 3*m - 9. Calculate the remainder when x(-7) is divided by 4.
0
Suppose 0 = 4*h + p - 0*p - 16, 3*h - 12 = -p. Suppose 0*z - h*z = 8. Let a = z - -5. Calculate the remainder when a is divided by 1.
0
Let o be (-11)/(-9) + (-2)/9. Calculate the remainder when 5 is divided by 3/o - 3/3.
1
Suppose 11 - 126 = -5*f. Let p(a) = -3*a + 2. Let g be p(-6). Let l = g - 8. What is the remainder when f is divided by l?
11
Let v = 46 - 26. Suppose -230 = -3*r - 53. Calculate the remainder when r is divided by v.
19
Suppose 5*o - 2*n - 17 = 0, 0 = 3*o - o + 5*n - 1. Suppose 33 = 2*t + 3*i + 7, 2*t = i + 18. What is the remainder when 230/8 + o/12 is divided by t?
9
Let a = 0 + 5. Suppose 5*f + 3*p - 14 = 0, 0 = -4*f - p + 4*p - a. Calculate the remainder when 3 is divided by f.
0
Let i be 2/(-6)*0 - 1. Calculate the remainder when 2 is divided by (-5)/(-10)*(3 + i).
0
Let j(b) = -b**2 + 23*b - 43. What is the remainder when j(20) is divided by 9?
8
Let s = 27 + 10. Calculate the remainder when s is divided by 20.
17
Suppose -5*h - 12 = -6*h. Let w(d) = d - 9. Calculate the remainder when 4 is divided by w(h).
1
Suppose 8 = 4*d, 0 = 2*x + d - 7 - 7. Suppose 10 = -2*r + 42. What is the remainder when r is divided by x?
4
Let v be (124 - 2) + (4 - 6). Suppose -2*s = 2*s - v. Calculate the remainder when s is divided by 11.
8
Let i(r) = 3*r. Let c(q) = q**2 + q + 2. Let z be c(-5). Calculate the remainder when i(6) is divided by (-108)/(-11) + 4/z.
8
Let w(q) = 2*q + 8. What is the remainder when w(6) is divided by 6?
2
Suppose 5*j + 2*d = 59, -2*j - 2*d + 32 = -4*d. Let f be 15*3*(-3)/(-9). Suppose -r + j = -f. Calculate the remainder when r is divided by 15.
13
Suppose u - 60 = -3*u. Calculate the remainder when 72 is divided by u.
12
Let k(m) = 4*m**2 + m - 7. What is the remainder when k(-4) is divided by (-33)/2*12/(-18)?
9
Suppose 3 + 2 = d. Let p = 26 - 12. What is the remainder when p is divided by d?
4
Suppose -4*m = -2*a + 130, a = -a - 5*m + 103. Calculate the remainder when a is divided by 20.
19
Let n(r) = -7*r**3 - r**2 - r + 2. Let i = 43 - 25. Let s be i/(-10) - 1/5. What is the remainder when n(s) is divided by 19?
18
Suppose -v = -3*p - p - 23, 3*v = -p + 17. Let q(d) be the first derivative of -3*d**2/2 - 2. Calculate the remainder when v is divided by q(-1).
1
Let c(g) = -g**2 + 3*g + 2. Let v be 1/(-2)*(2 - 8). What is the remainder when 5 is divided by c(v)?
1
Let i = 14 - 9. Let v(z) = 4*z - 6. Let p be v(i). What is the remainder when 13 is divided by (-3 + (-7)/(-2))*p?
6
Let p(r) = -r**3 - 23*r**2 - 22*r + 8. Let c(y) = y**3 + 5*y**2 - 8*y - 7. What is the remainder when p(-22) is divided by c(-6)?
3
Let o(d) = 6*d + 11*d + 1 - 6*d - 5. Calculate the remainder when o(5) is divided by 26.
25
Suppose -6*y + 590 = -y - 5*j, 0 = -y - 3*j + 122. Calculate the remainder when y is divided by 30.
29
Suppose -2*x = m + 6, 0 = 4*x - 3*m + 4 